3 + 25*a**2 + 24*a - 51. Determine s(-24).
-51
Let t(y) = -y**3 + 3*y**2 - 3*y + 16. Give t(3).
7
Let w(h) = -h**2 - 13*h + 14. Calculate w(-13).
14
Let j(g) = -2*g**2 + 6*g - 1. Calculate j(5).
-21
Let w(i) = -i**2 + 6*i + 2. Calculate w(7).
-5
Let g(d) = 4*d**2 - d - 1. Calculate g(-2).
17
Let k(w) = w**3 - 24*w**2 + 60*w + 53. Calculate k(21).
-10
Let a(g) = 2*g + 4. Calculate a(5).
14
Let b(g) = -59*g - 467. Calculate b(-8).
5
Let f(a) = -2*a**2 + a - 3. Calculate f(-2).
-13
Let a(n) = -4*n - 29. Give a(-15).
31
Let s(o) = 21*o**3 + 3*o**2 - 2. What is s(-1)?
-20
Let o(t) = 2*t**2 - 11*t - 8. Give o(7).
13
Let k(a) = -a + 4. Give k(-11).
15
Let b(a) = a**3 - 19*a**2 + 13*a + 90. What is b(18)?
0
Let j(c) = c**3 - 7*c**2 - 61*c + 8. Determine j(12).
-4
Let y(c) = 2*c**2 + 23*c - 233. Give y(-18).
1
Let u(a) = a**3 + 33*a**2 + 34*a + 52. Give u(-32).
-12
Let n(p) = -2*p**2 + 2*p - 1. What is n(2)?
-5
Let b(w) = w**3 + 8*w**2 - 12*w - 24. Calculate b(-9).
3
Let l(b) = -b**2 + 3*b + 221. Determine l(15).
41
Let a(u) = u + 10. Give a(11).
21
Let g(y) = y**3 + 27*y**2 + 26*y - 46. Calculate g(-26).
-46
Let s(g) = -g**3 - g**2 + 17*g - 31. Give s(4).
-43
Let h(i) = -11*i - 36. Calculate h(-3).
-3
Let q(a) = -a**3 + 6*a**2 + 5*a - 38. What is q(5)?
12
Let b(g) = 8*g**3 + g**2. Calculate b(-1).
-7
Let u(g) = 22*g + 2. Determine u(2).
46
Let o(a) = a**3 + a**2 + 3. Calculate o(-2).
-1
Let w(p) = -p**3 + 6*p**2. Determine w(3).
27
Let u(a) = a**3 + 8*a**2 + 8*a - 5. Give u(-7).
-12
Let b(v) = v - 7. Calculate b(12).
5
Let c(d) = 5*d**2 + 10*d - 37. Calculate c(4).
83
Let a(v) = v**3 - 5*v**2 - 5*v - 24. Determine a(7).
39
Let j(n) = n**3 + 11*n**2 + 12*n + 18. Give j(-10).
-2
Let i(o) = -o**2 + 23*o - 21. What is i(22)?
1
Let h(x) = x**3 + 29*x**2 + 28*x - 11. Give h(-28).
-11
Let d(h) = h**3 + 6*h**2 - 8*h - 9. What is d(-5)?
56
Let q(a) = -5*a**3 + 5*a - 3. Determine q(1).
-3
Let l(g) = g + 1. Determine l(7).
8
Let l(g) = g**2 - 24*g + 12. Determine l(17).
-107
Let p(u) = 3*u**2 - 13. Determine p(-3).
14
Let m(r) = r**2 - 3*r + 4. Calculate m(3).
4
Let t(o) = o**3 - 8*o**2 - 12*o + 20. Give t(9).
-7
Let j(y) = y**2 + 14*y - 13. Determine j(-14).
-13
Let w(u) = -u**3 - 12*u**2 - 14*u + 15. Determine w(-11).
48
Let s(t) = -4*t + 10. Give s(4).
-6
Let i(u) = u + 8. Give i(-4).
4
Let w(l) = -l**2 - 21*l + 12. What is w(-16)?
92
Let v(n) = -n**2. Give v(-2).
-4
Let g(l) = -7*l**2 - 2*l - 7. Give g(-2).
-31
Let z(x) = x**3 - 77*x**2 + x - 76. Give z(77).
1
Let s(v) = -20*v**2 - 46*v - 10. What is s(-2)?
2
Let k(a) = 2*a - 9. Give k(3).
-3
Let y(w) = -w**2 + 6*w + 13. What is y(7)?
6
Let l(b) = 3*b - 17. Give l(4).
-5
Let p(i) = -3*i + 12. Determine p(-5).
27
Let w(v) = 2*v**3 - 10*v**2 - 8*v + 1. Determine w(-1).
-3
Let h(z) = 3*z + 11. Determine h(-4).
-1
Let a(k) = -3*k**2 - 22*k - 12. What is a(-7)?
-5
Let s(k) = -k**3 - 2*k**2 - 3*k + 2. Calculate s(-4).
46
Let z(q) = q**3 + 24*q**2 - 19*q + 49. Calculate z(-25).
-101
Let x(m) = m**3 + m**2 + 2*m - 1. What is x(2)?
15
Let d(h) = -h**3 + 9*h**2 + 10*h + 7. Determine d(10).
7
Let t(n) = 3*n - 7. What is t(7)?
14
Let s(g) = -2*g**2 - 2*g + 128. Give s(0).
128
Let x(c) = -2*c**2 - 12*c - 34. Give x(-8).
-66
Let s(y) = y - 10. What is s(16)?
6
Let w(r) = 2*r - 10. Determine w(0).
-10
Let q(d) = 3*d**3 + 42*d**2 - 3*d - 44. Determine q(-14).
-2
Let f(t) = -t**2 - 21*t - 93. Calculate f(-15).
-3
Let s(k) = -k**3 - 19*k**2 + 21*k + 24. Give s(-20).
4
Let w(g) = -4*g. Give w(5).
-20
Let p(u) = u + 44. Determine p(-10).
34
Let z(s) = s**2 + 53*s - 57. Give z(-54).
-3
Let d(j) = -3*j**3 - 1. Give d(1).
-4
Let x(r) = -2*r + 31. Determine x(0).
31
Let i(q) = -q**2 + 6*q + 7. What is i(7)?
0
Let d(a) = a**2 - 2*a + 55. What is d(0)?
55
Let y(s) = 2*s + 9. What is y(-18)?
-27
Let g(k) = -2*k + 21. Determine g(8).
5
Let c(t) = -t**2 + 14*t - 31. Give c(11).
2
Let d(u) = -2*u - 8. Give d(-15).
22
Let i(g) = 5*g**2 - 4*g - 6. Give i(-1).
3
Let g(q) = -6*q - 38. Calculate g(-24).
106
Let y(b) = 2*b**2 - 10*b - 18. Give y(6).
-6
Let b(m) = -35*m - 5. What is b(0)?
-5
Let a(m) = 49*m**3 - 2*m - 1. What is a(-1)?
-48
Let c(h) = h**3 + 20*h**2 - 42*h + 32. What is c(-22)?
-12
Let c(p) = 2*p - 9. Determine c(5).
1
Let s(f) = -64*f**2. Determine s(1).
-64
Let s(b) = -b**3 - 7*b**2 + 5*b - 6. Give s(-8).
18
Let g(t) = t**2 + 5*t - 13. Give g(6).
53
Let f(p) = 2*p**2 - 17*p + 16. Determine f(9).
25
Let g(s) = s**3 + 2*s**2 + s + 5. Give g(-4).
-31
Let v(j) = 5*j + 3. Calculate v(-2).
-7
Let d(s) = -s**3 - s**2 + 2*s + 26. Calculate d(0).
26
Let a(n) = n**2 + 9*n + 3. Determine a(-6).
-15
Let a(z) = -z**3 - z**2 + z - 30. Calculate a(0).
-30
Let p(m) = 2*m + 7. Give p(-4).
-1
Let m(a) = -2*a**2 - 21*a + 83. Give m(6).
-115
Let u(g) = -5*g**2 + 35*g - 6. What is u(7)?
-6
Let k(g) = 2*g**2 - 7*g - 10. What is k(6)?
20
Let i(a) = -7*a - 14. Give i(-5).
21
Let p(a) = a - 14. Give p(7).
-7
Let h(r) = -7*r**2 - r + 1. What is h(-1)?
-5
Let c(l) = l**2 + 2*l - 17. Calculate c(7).
46
Let p(x) = -9*x**3 + 2*x**2 - 19*x - 20. Determine p(-1).
10
Let f(k) = k**3 - 25*k**2 + 8. What is f(25)?
8
Let a(m) = -57*m + 116. What is a(2)?
2
Let o(r) = -11*r - 50. Give o(-6).
16
Let h(y) = -y**2 - 15*y. Give h(-14).
14
Let i(x) = 7*x**3 - 41*x**2 - 4*x - 9. Calculate i(6).
3
Let a(r) = -r + 1. What is a(4)?
-3
Let g(y) = y**2 + 4*y - 8. Give g(-7).
13
Let t(s) = s - 18. Determine t(18).
0
Let t(i) = -12*i + 1. Give t(-4).
49
Let g(s) = -s**3 - 30*s**2 - 30*s - 23. What is g(-29)?
6
Let c(z) = -15*z**2 - z - 2. Determine c(-2).
-60
Let b(x) = -45*x + 43. What is b(1)?
-2
Let o(k) = 7*k - 18. Calculate o(10).
52
Let r(b) = -b**2 + 5*b + 2. Determine r(7).
-12
Let g(q) = 4*q - 6. Calculate g(-15).
-66
Let w(p) = 25*p - 140. Determine w(6).
10
Let t(d) = -3*d**2 + 4*d - 11. Calculate t(4).
-43
Let g(l) = 16*l + 35. Determine g(-4).
-29
Let k(i) = -i**2 - 10*i + 8. Give k(-11).
-3
Let t(k) = 2*k**3 - 4*k**2 + 4. What is t(2)?
4
Let l(o) = -o**2 - o - 4. What is l(-3)?
-10
Let c(o) = o**3 - 13*o**2 + 15*o - 5. Give c(12).
31
Let y(k) = k**2 - 15*k + 9. Give y(6).
-45
Let s(k) = -17*k - 9. Determine s(-4).
59
Let t(z) = z. Determine t(-8).
-8
Let z(y) = y - 67. What is z(7)?
-60
Let s(z) = -z**3 - 15*z**2 - 49*z + 11. Determine s(-10).
1
Let v(j) = 2*j**2 + 12. Determine v(-10).
212
Let f(y) = -y**2 - 9*y - 6. What is f(-9)?
-6
Let u(o) = -16*o - 16. Determine u(-4).
48
Let y(w) = 86*w - 108. Give y(2).
64
Let x(o) = -4*o + 7. Give x(-7).
35
Let m(a) = 5*a + 99. Determine m(-19).
4
Let s(k) = -2*k**3 + 8*k**2 + k + 2. Determine s(4).
6
Let c(t) = t**2 - 10*t + 14. Calculate c(6).
-10
Let u(z) = -2*z - 3. Determine u(-1).
-1
Let v(f) = -f**3 - 6*f**2 + f + 32. Determine v(0).
32
Let l(g) = 3*g**3 + 16*g**2 + 22*g - 9. What is l(-4)?
-33
Let x(b) = b**2 + 16*b - 565. What is x(17)?
-4
Let z(l) = -10*l - 3. Determine z(7).
-73
Let o(t) = t**2 + 7*t - 42. Calculate o(-11).
2
Let b(p) = p**2 - 7*p - 13. What is b(7)?
-13
Let n(h) = -13*h**2 + h. Give n(1).
-12
Let n(y) = 5*y + 2. Calculate n(-4).
-18
Let v(i) = -2*i**2 - 2*i + 7. Determine v(-5).
-33
Let w(b) = -b**3 + 4*b**2 - 3*b + 10. Give w(4).
-2
Let s(z) = z**3 - 9*z**2 - 10*z - 9. Calculate s(10).
-9
Let h(a) = a**2 - 10*a - 27. Calculate h(10).
-27
Let n(f) = 4*f - 1. What is n(4)?
15
Let g(r) = r**2 + 4*r + 4. Calculate g(-6).
16
Let p(g) = -6*g**2 - 13*g + 1. What is p(-5)?
-84
Let s(n) = -3*n**3 + 13*n**2 + 3*n + 9. What is s(6)?
-153
Let j(x) = -3*x**2 - 7*x - 6. Determine j(-2).
-4
Let o(a) = a + 13. Calculate o(-4).
9
Let f(u) = -u**3 - 13*u**2 + 19*u + 19. What is f(-14)?
-51
Let b(h) = -h**2 + 13*h + 13. Calculate b(15).
-17
Let g(v) = 2*v - 59. What is g(28)?
-3
Let c(u) = -u**3 + 8*u**2 - 5*u + 3. Give c(7).
17
Let l(s) = s**3 - 5*s**2 + s. Determine l(5).
5
Let s(u) = u + 1. Determine s(0).
1
Let m(i) = -i. Determine m(-1).
1
Let q(s) = -s**3 + 18*s**2 + 40*s - 6. What is q(20)?
-6
Let r(a) = -4*a**2 - 2*a + 12. Calculate r(3).
-30
Let d(a) = 14*a + 238. Calculate d(-18).
-14
Let s(p) = 2*p**3 - 9*p**2 - 36*p + 17. Give s(7).
10
Let m(j) = -j**3 + 7*j**2 + 15*j - 56. Determine m(8).
0
Let w(s) = s**3 + 12*s**2 + 37*s + 14. What is w(-6)?
8
Let h(s) = -s**3 + 6*s**2 + 14*s - 24. Give h(